rime factors of (-1 - 162)/(-13 - -12).
163
Let w(a) = -a**2 + 5*a - 5. Let n be w(5). Let j = 10 + n. Suppose -j*f = -8 - 67. What are the prime factors of f?
3, 5
Suppose 2*a - 790 = 2*r, 0 = 3*a + r + 512 - 1689. What are the prime factors of a?
3, 131
Suppose 0 = 12*w - 866 - 1054. List the prime factors of w.
2, 5
Let x = -21 + 23. Suppose -x*a - s = 3*s + 2, 4*a - 5*s = 9. Let w(q) = 39*q**3 + q**2. What are the prime factors of w(a)?
2, 5
Let w be 3 - (1 + -3 + 0). Suppose -5*o - w*n = -15, -o + 4 = 3*n + 9. Let v(m) = m**2 - m - 3. What are the prime factors of v(o)?
3, 13
Let z = -5190 + 8567. What are the prime factors of z?
11, 307
Suppose x + q - 16 = 0, -2*x + 40 + 8 = -2*q. Suppose -4*y + 0*y = -x. Suppose -31 - 79 = -y*d. What are the prime factors of d?
2, 11
Let b(r) = 4*r**2 + 6*r - 5. Let j(u) = -u**3 - 5*u**2 + u - 1. Let z be j(-5). List the prime factors of b(z).
103
Suppose 4*y = l - 5*l + 504, 0 = 2*y - 4. List the prime factors of (-5)/50*-5*l.
2, 31
Let i = 2648 - 1887. List the prime factors of i.
761
Suppose j = -4*b - 2*j + 32, 4 = j. Let w be 12/30 - (-13)/b. Suppose -u + 15 = -f + 4*f, u - w = f. List the prime factors of u.
2, 3
What are the prime factors of (-2 - 12/9)*4824/(-40)?
2, 3, 67
Let s = 0 + 6. Suppose -2*x - 212 = -0*l + 3*l, 5*x = -5*l - 520. What are the prime factors of s/(-18) - x/3?
3, 11
Let y(v) = 8*v**2 + 6*v - 4. Let r be y(2). Suppose 6*q - 2*q = r. List the prime factors of q.
2, 5
What are the prime factors of 756*(30/4 + (-11 - -5))?
2, 3, 7
Let r(x) = x**3 + 4*x**2 + 9*x - 46. List the prime factors of r(8).
2, 397
Let b be (1855/(-14))/(2/(-32)). Suppose -24*y + b = -16*y. List the prime factors of y.
5, 53
Let t = 14 - 20. Suppose 2*v - 72 + 6 = 0. Let l = t + v. List the prime factors of l.
3
Let f(q) = -8*q + 13. Let g(d) = -23*d + 38. Suppose -1 + 19 = 3*k. Let m(n) = k*g(n) - 17*f(n). List the prime factors of m(-6).
19
List the prime factors of (-33607)/(-35) + 5/(-25).
2, 3, 5
Suppose 0 = -y + 2*g - 501, 5*g + 0*g = -3*y - 1481. Let s = -241 - y. Suppose 2*f + 2*f - 3*m = s, -f + 2*m = -69. List the prime factors of f.
61
Let d(t) = 46*t**2 - 13*t + 13. Let y be d(1). Suppose -4*u - 3*p - 41 = 62, 3*p = -3*u - 75. Let x = y + u. List the prime factors of x.
2, 3
Let q(w) = 11*w - 27. Let y be q(4). Let m(j) = 3*j**2 - 40*j + 39. What are the prime factors of m(y)?
2, 113
Let y(o) = o**2 + 7*o - 48. Let d be y(-11). Let u(t) = -31*t - 8. What are the prime factors of u(d)?
2, 29
Let z(q) be the second derivative of -q**6/360 + q**5/12 - q**4/12 - q**3 + 7*q. Let x(w) be the second derivative of z(w). List the prime factors of x(6).
2, 11
Let l = -3874 - -5673. List the prime factors of l.
7, 257
Suppose 0 = -3*g + 7*g - 48. Let p be ((-18)/g)/(6/(-8)). Let d = p + 39. What are the prime factors of d?
41
Let j be (6/(-8))/((-5)/(-80)). Let y be (-14)/(-3) + (-4)/j. Suppose 5*v - 98 = -2*t + 56, y*v - 144 = 3*t. List the prime factors of v.
2, 3, 5
Let p = 5210 + -1396. What are the prime factors of p?
2, 1907
Let o = -3710 - -2569. List the prime factors of (1*-3)/(6 + o/189).
3
Suppose -2*b + 848 = -4*d, -3*b - d = -5*b + 833. Suppose -q + b - 158 = 0. What are the prime factors of q?
2
Suppose 3 = b + 1. Let w(d) = -d**2 + 0*d**2 + 2*d + 9*d**3 - 7*d**3. What are the prime factors of w(b)?
2
Let s = -669 + 1259. List the prime factors of s.
2, 5, 59
Suppose 4*f = 3*f + 4*h + 16, 3*h + 25 = 4*f. Suppose 3*g + f = 22. List the prime factors of (-2)/g - 272/(-24).
11
Suppose -18*h + 5440 = -13*h. List the prime factors of h.
2, 17
Let c = 2847 + -1302. What are the prime factors of c?
3, 5, 103
Suppose -4*r - 4*o = 24, -2*o - 2 = -r - 20. Let i be ((-28)/35)/(4/r). What are the prime factors of 0 - (i - 12)/1?
2, 5
Suppose -2297 - 2281 = -r + o, 9160 = 2*r - o. What are the prime factors of r?
2, 29, 79
Let r(z) = 9 + 25*z - 9 - 6. Let i be r(3). Suppose 3*p - i = -3*l, -p + 16 = -l - 11. What are the prime factors of p?
5
Let z be (300/18)/(6/(-9)). Let i be (-2)/(0 - -1) - z. Let m = -3 + i. List the prime factors of m.
2, 5
Suppose 5*k = -d + 142, -4*d + 2*k = -3*k - 643. Let w = d + -20. List the prime factors of w.
137
Let v be 130/(-18) + (-6)/(-27). Let r = -2 - v. Suppose 0 = r*z - 107 + 32. List the prime factors of z.
3, 5
Let s(i) = i**3 + 20*i**2 - 2*i - 6. What are the prime factors of s(-11)?
5, 13, 17
What are the prime factors of (9/18 - -5)*358?
11, 179
Let z be (160/12)/((-10)/(-15)). Suppose 4*u = u + 4*p + 43, -5*p - z = 0. List the prime factors of 407/u - (-14)/(-63).
3, 5
Let f = -71 + 76. Suppose -4*a = -t - 280, f*a + 2*t + 92 = 455. List the prime factors of a.
71
What are the prime factors of 6783/77 - (-2)/(-22)?
2, 11
What are the prime factors of 465/(-10)*178*8/(-24)?
31, 89
Let c(g) = 25*g + 13. Suppose 6 = 2*v + 4*w, v + 3*w + 15 = 6*v. List the prime factors of c(v).
2, 11
Suppose 58 = 14*j + 16. Suppose -3*g - 30 = 141. What are the prime factors of 2 + (1 - g/j)?
2, 11
Let j(r) = -11*r - 24 + 34 - 2*r. List the prime factors of j(-5).
3, 5
Suppose 8 + 4 = 3*o. Suppose 162 = -u + o*u. Let f = u - 28. What are the prime factors of f?
2, 13
Suppose -47 = -5*r - 2. Suppose z = 4*n - 0*z - 181, 3*z - r = 0. What are the prime factors of n?
2, 23
Let a(z) = -4*z**3 + 4*z + 4. Let h be a(-2). Let s be -7*4/h*-4. Suppose 0 = s*y - 6*y + 10. List the prime factors of y.
5
Suppose -21*i + 62037 + 11547 = 0. List the prime factors of i.
2, 3, 73
Let t = 56 + -172. List the prime factors of (-17)/85 + t/(-5).
23
Let o be (-32)/(-4) - (1 + -1). Let g(p) be the second derivative of -p**4/12 + 2*p**3 - 5*p**2 - 38*p. List the prime factors of g(o).
2, 11
Suppose 9*n = -18 - 0. List the prime factors of 49*(-3 - -2)/2*n.
7
Suppose 0 = 3*q, -200 = 2*o + 5*q + 170. Let g be (o/10)/((-1)/(-2)). Let m = 111 + g. List the prime factors of m.
2, 37
Let v = -13 + 14. Suppose -3*n + 8 + v = 0. List the prime factors of n - (2 - (-3 + 6)).
2
Let a = 1143 - 759. What are the prime factors of a?
2, 3
Let k(y) = y**3 + 6*y**2 + y + 11. Let h be k(-6). Suppose 0 = n - 15 - h. List the prime factors of n.
2, 5
Let i = 57 - 45. Let s(t) = -t**3 + 13*t**2 + t - 14. What are the prime factors of s(i)?
2, 71
Suppose 2*f - 3*g = 2*g + 15, 0 = -2*f - 2*g + 50. Suppose x - 268 = -5*u + 197, -4*x + f = 0. What are the prime factors of u?
2, 23
Let y(k) = -3*k + 9. Let b be y(6). Let h = b - -5. What are the prime factors of (6 + 12)*(-6)/h?
3
Let f(l) = 515*l - 521. List the prime factors of f(9).
2, 11, 17
Let h(i) = -i**2 + 13*i - 6. Let u(l) = l**2 - 13*l + 6. Let q(g) = -6*h(g) - 7*u(g). Suppose 7*o = 2*o + 10, -5*r = 4*o - 53. List the prime factors of q(r).
2, 3, 5
Let l(y) = 215*y + 893. List the prime factors of l(20).
3, 577
Let h(a) = 11*a**2 - 5*a - 53. What are the prime factors of h(-9)?
883
Suppose -4*r + 1008 = -2604. List the prime factors of r.
3, 7, 43
Let q(y) = -y**3 - 5*y**2 + 12*y - 12. Let h be q(-7). Suppose 2*p + 6 = 5*p. Suppose -h*w = -6*w + 2*d + 50, -6 = -p*d. What are the prime factors of w?
2, 7
Suppose -4*q = 396 - 1140. Suppose -2*j - 4*y - q = -828, y = 2. What are the prime factors of j?
317
Let y be ((-1)/(-3)*-1)/(3/(-36)). Suppose 3*o = -2*r + 91, -o = y*o - 2*r - 157. List the prime factors of o.
31
Suppose -3*s = 4*t - 3, 0*t - 3*t + 11 = 4*s. Let c = t + 87. List the prime factors of c.
2, 3, 7
Suppose 5*p + 4 = 24. Let h(r) = -2*r**3 - 4*r**2 + 7*r. Let k be h(-5). Suppose -p*i + k = i. What are the prime factors of i?
23
Let x be (-4)/(-12) + 3/(-9). Let z be 0 - (-1 - (2 + x)). Let b = z - -3. What are the prime factors of b?
2, 3
Suppose 184 = -5*h + 3484. What are the prime factors of h?
2, 3, 5, 11
Let u = -4 + 9. Let t(b) = 0 - u*b + 0. List the prime factors of t(-5).
5
Suppose 17*d - 78*d = -377224. List the prime factors of d.
2, 773
Suppose -6743 = -24*k - 791. List the prime factors of k.
2, 31
Let r = -37 - -489. List the prime factors of r.
2, 113
Suppose 2*t + z = 4*t + 30, -2*z = -5*t - 73. Let k = t + 91. List the prime factors of k.
2, 3, 13
What are the prime factors of (-286 - -3)*-3 - (-12)/4?
2, 3, 71
Let j(t) = -11*t**3 + 4*t**2 + 2*t - 3. Let b be j(-2). Let o = 39 + b. List the prime factors of o.
2, 17
Let g be (